{"id":1147,"date":"2020-03-02T21:06:42","date_gmt":"2020-03-02T20:06:42","guid":{"rendered":"http:\/\/ecavlevoca.sk\/?page_id=1147"},"modified":"2021-10-31T19:53:59","modified_gmt":"2021-10-31T18:53:59","slug":"virtualna-prehliadka","status":"publish","type":"page","link":"https:\/\/ecavlevoca.sk\/?page_id=1147","title":{"rendered":"Virtu\u00e1lna prehliadka"},"content":{"rendered":"\n<p>Virtu\u00e1lna prehliadka Evanjelick\u00e9ho kostola v Levo\u010di<\/p>\n\n\n\n<iframe width=\"1260\" height=\"615\" src=\"https:\/\/ecavlevoca.sk\/pano\/\" title=\"\" frameborder=\"0\" allow=\"accelerometer; autoplay; clipboard-write; encrypted-media; gyroscope; picture-in-picture\" allowfullscreen><\/iframe>\n\n\n\n<p><\/p>\n","protected":false},"excerpt":{"rendered":"<p>Virtu\u00e1lna prehliadka Evanjelick\u00e9ho kostola v Levo\u010di<\/p>\n","protected":false},"author":1,"featured_media":0,"parent":0,"menu_order":0,"comment_status":"closed","ping_status":"closed","template":"","meta":[],"_links":{"self":[{"href":"https:\/\/ecavlevoca.sk\/index.php?rest_route=\/wp\/v2\/pages\/1147"}],"collection":[{"href":"https:\/\/ecavlevoca.sk\/index.php?rest_route=\/wp\/v2\/pages"}],"about":[{"href":"https:\/\/ecavlevoca.sk\/index.php?rest_route=\/wp\/v2\/types\/page"}],"author":[{"embeddable":true,"href":"https:\/\/ecavlevoca.sk\/index.php?rest_route=\/wp\/v2\/users\/1"}],"replies":[{"embeddable":true,"href":"https:\/\/ecavlevoca.sk\/index.php?rest_route=%2Fwp%2Fv2%2Fcomments&post=1147"}],"version-history":[{"count":11,"href":"https:\/\/ecavlevoca.sk\/index.php?rest_route=\/wp\/v2\/pages\/1147\/revisions"}],"predecessor-version":[{"id":1414,"href":"https:\/\/ecavlevoca.sk\/index.php?rest_route=\/wp\/v2\/pages\/1147\/revisions\/1414"}],"wp:attachment":[{"href":"https:\/\/ecavlevoca.sk\/index.php?rest_route=%2Fwp%2Fv2%2Fmedia&parent=1147"}],"curies":[{"name":"wp","href":"https:\/\/api.w.org\/{rel}","templated":true}]}}