{"id":647,"date":"2019-09-20T21:10:03","date_gmt":"2019-09-20T19:10:03","guid":{"rendered":"https:\/\/www.wp.3-d.cz\/?page_id=647"},"modified":"2021-10-30T18:16:14","modified_gmt":"2021-10-30T16:16:14","slug":"krsty-svatby-pohreby","status":"publish","type":"page","link":"https:\/\/ecavlevoca.sk\/?page_id=647","title":{"rendered":"Krsty, Svatby, Pohreby"},"content":{"rendered":"\n<div class=\"wp-block-image\"><figure class=\"aligncenter is-resized\"><img src=\"http:\/\/ecavlevoca.sk\/wp-content\/uploads\/2019\/10\/1.04_IMG_9789_krst-svadby-pohreby-1024x683.jpg\" alt=\"\" class=\"wp-image-720\" width=\"512\" height=\"342\"\/><\/figure><\/div>\n\n\n<p><strong>Krst sv\u00e4t\u00fd<\/strong><\/p>\n<p>Krst je priznan\u00edm sa k viere v Boha, v Je\u017ei\u0161a Krista, prijatie Ducha Sv\u00e4t\u00e9ho a\u00a0z\u00e1rove\u0148 symbolizuje Bo\u017eie prijatie. P\u00f4sob\u00ed teda odpustenie hriechov, oslobodenie od ve\u010dnej smrti, d\u00e1va rados\u0165 v\u0161etk\u00fdm, ktor\u00ed veria tomu, \u010do hovor\u00ed P\u00edsmo Sv\u00e4t\u00e9. Voda symbolizuje k\u00fape\u013e znovuzrodenia v\u00a0spojitosti s\u00a0Bo\u017e\u00edm slovom a\u00a0vierou. Prenesene sa n\u00edm top\u00ed star\u00fd Adam (hrie\u0161ny \u010dlovek). Ka\u017ed\u00fd de\u0148 m\u00e1 z\u00a0n\u00e1s povsta\u0165 nov\u00fd \u010dlovek, ktor\u00fd t\u00fa\u017ei \u017ei\u0165 pred Bohom v\u00a0spravodlivosti a\u00a0\u010distote.<\/p>\n<p>Sviatos\u0165 krstu sv\u00e4t\u00e9ho prisluhuje ev. a. v. cirkev de\u0165om (doj\u010da\u0165om), de\u0165om do konfirma\u010dn\u00e9ho veku, ako aj ml\u00e1de\u017ei (nad konfirma\u010dn\u00fd vek) a dospel\u00fdm.<\/p>\n<p>Potrebn\u00e9 dokumenty:\u00a0\u00a0\u00a0\u00a0\u00a0\u00a0\u00a0\u00a0\u00a0\u00a0\u00a0\u00a0\u00a0\u00a0\u00a0\u00a0\u00a0\u00a0<\/p>\n<ul>\n<li>rodn\u00fd list die\u0165a\u0165a<\/li>\n<li>ob\u010dianske preukazy rodi\u010dov a krstn\u00fdch rodi\u010dov<\/li>\n<\/ul>\n<p>Podrobn\u00e9 inform\u00e1cie o sviatosti krstu sv\u00e4t\u00e9ho, krstn\u00fdch rodi\u010doch a postupoch n\u00e1jdete na samostatnej str\u00e1nke\u00a0<a href=\"https:\/\/ecavlevoca.sk\/?page_id=912\">tu<\/a>.\u00a0<\/p>\n<p><span style=\"color: #ffffff;\">,<\/span><\/p>\n<p><span style=\"color: #ffffff;\">.<\/span><\/p>\n<p><!--StartFragment--><\/p>\n\n\n<p><strong>Cirkevn\u00fd sob\u00e1\u0161<\/strong><\/p>\n\n\n\n<p>V na\u0161ej cirkvi je kres\u0165ansk\u00fd sob\u00e1\u0161 do\u017eivotn\u00fd s\u013eub mu\u017ea a \u017eeny,\npred P\u00e1nom Bohom a v pr\u00edtomnosti kres\u0165ansk\u00fdch svedkov,&nbsp;v zmysle Je\u017ei\u0161ov\u00fdch\nslov: \u201e<em>\u010co Boh spojil, \u010dlovek nerozlu\u010duj\u201c\n(Mt. 19,6)<\/em> <\/p>\n\n\n\n<p>Pr\u00e1vo na kres\u0165ansk\u00fd sob\u00e1\u0161 m\u00e1 ka\u017ed\u00fd \u010dlen n\u00e1\u0161ho cirkevn\u00e9ho zboru.\nMal by sp\u013a\u0148a\u0165 podmienky, ako je konfirm\u00e1cia, by\u0165 slobodn\u00fd, pr\u00edpadne vdovec,\nvdova. ECAV uzn\u00e1va ka\u017ed\u00e9 man\u017eelstvo mu\u017ea a \u017eeny uzavret\u00e9 v ktorejko\u013evek\nkres\u0165anskej cirkvi alebo pred \u0161t\u00e1tnymi \u00faradmi za plnohodnotn\u00e9 a plnopr\u00e1vne. Preto\nak sa rozhodn\u00fa zosob\u00e1\u0161i\u0165 osoby opa\u010dn\u00e9ho pohlavia a jeden z nich je rozveden\u00fd \u2013\nude\u013euje v\u00fdnimku pre cirkevn\u00fd sob\u00e1\u0161 di\u0161triktu\u00e1lny biskup.<\/p>\n\n\n\n<p>O evanjelick\u00fd sob\u00e1\u0161 musia po\u017eiada\u0165 sn\u00fabenci v dostato\u010dnom \u010dasovom\npredstihu (cca 3 \u2013 4 mesiace pred zam\u00fd\u0161\u013ean\u00fdm term\u00ednom sob\u00e1\u0161a). Pr\u00eds\u0165 je\npotrebn\u00e9&nbsp;e\u0161te pred podan\u00edm \u017eiadosti na matri\u010dnom \u00farade. So sob\u00e1\u0161iacim\nfar\u00e1rom si dohodn\u00fa term\u00edn sob\u00e1\u0161a. Podrobnosti o obrade a potrebn\u00fdch\nn\u00e1le\u017eitostiach sn\u00fabencov bude informova\u0165 na prvom stretnut\u00ed.<\/p>\n\n\n\n<p>Stretnutie s bratom far\u00e1rom je potrebn\u00e9 dohodn\u00fa\u0165 najlep\u0161ie\nnieko\u013eko dn\u00ed vopred.<\/p>\n\n\n\n<p>Podrobn\u00e9 inform\u00e1cie o cirkevn\u00fdch sob\u00e1\u0161och Evanjelickej cirkvi a. v. na Slovensku n\u00e1jdete na samostatnej str\u00e1nke&nbsp;<a href=\"http:\/\/ecavlevoca.sk\/?page_id=914\">tu<\/a>.<\/p>\n\n\n\n<p>.&nbsp;<\/p>\n\n\n<p><!--EndFragment--><span style=\"color: #ffffff;\">,<\/span><\/p>\n<p><span style=\"color: #ffffff;\">,<\/span><\/p>\n<p><!--StartFragment--><\/p>\n\n\n<p><strong>Cirkevn\u00fd pohreb<\/strong><\/p>\n\n\n\n<p>Je ur\u010den\u00fd pre \u010dlenov cirkevn\u00e9ho zboru alebo pre t\u00fdch, ktor\u00ed sa\nrozhodn\u00fa da\u0165 pochova\u0165 evanjelicko \u2013 kres\u0165ansk\u00fdm sp\u00f4sobom. \u00daprava na konanie\nevanjelick\u00fdch pohrebov vych\u00e1dza zo z\u00e1sadn\u00e9ho teologick\u00e9ho stanoviska a\npoznania, kto je subjektom a objektom pohrebu &#8211; subjektom je cirkevn\u00fd zbor. On\nvykon\u00e1va pohreb a nie rodina. Rodina len po\u017eiada o jeho konanie. Objektom\npohrebu je pohrebn\u00e9 zhroma\u017edenie, ktor\u00e9mu sa zvestuje Bo\u017eie slovo a ktor\u00e9\n\u010fakuje za to, \u010do Boh vykonal cez odch\u00e1dzaj\u00faceho.<\/p>\n\n\n\n<p>Cirkevn\u00fd pohreb sa kon\u00e1 na z\u00e1klade \u017eiadosti a osobnej n\u00e1v\u0161tevy\nzarm\u00fatenej rodiny na farskom \u00farade.<\/p>\n\n\n\n<p>Podrobn\u00e9 inform\u00e1cie o cirkevn\u00fdch pohreboch&nbsp;Evanjelickej cirkvi a. v. na Slovensku n\u00e1jdete na samostatnej str\u00e1nke&nbsp;<a href=\"http:\/\/ecavlevoca.sk\/?page_id=916\">tu<\/a>.&nbsp;<\/p>\n\n\n<p><!--EndFragment--><span style=\"color: #ffffff;\">,<\/span><\/p>","protected":false},"excerpt":{"rendered":"<p>Krst sv\u00e4t\u00fd Krst je priznan\u00edm sa k viere v Boha, v Je\u017ei\u0161a Krista, prijatie Ducha Sv\u00e4t\u00e9ho a\u00a0z\u00e1rove\u0148 symbolizuje Bo\u017eie prijatie. P\u00f4sob\u00ed teda odpustenie hriechov, oslobodenie od ve\u010dnej smrti, d\u00e1va rados\u0165 &#8230;<\/p>\n","protected":false},"author":1,"featured_media":0,"parent":0,"menu_order":0,"comment_status":"closed","ping_status":"closed","template":"","meta":[],"_links":{"self":[{"href":"https:\/\/ecavlevoca.sk\/index.php?rest_route=\/wp\/v2\/pages\/647"}],"collection":[{"href":"https:\/\/ecavlevoca.sk\/index.php?rest_route=\/wp\/v2\/pages"}],"about":[{"href":"https:\/\/ecavlevoca.sk\/index.php?rest_route=\/wp\/v2\/types\/page"}],"author":[{"embeddable":true,"href":"https:\/\/ecavlevoca.sk\/index.php?rest_route=\/wp\/v2\/users\/1"}],"replies":[{"embeddable":true,"href":"https:\/\/ecavlevoca.sk\/index.php?rest_route=%2Fwp%2Fv2%2Fcomments&post=647"}],"version-history":[{"count":11,"href":"https:\/\/ecavlevoca.sk\/index.php?rest_route=\/wp\/v2\/pages\/647\/revisions"}],"predecessor-version":[{"id":1392,"href":"https:\/\/ecavlevoca.sk\/index.php?rest_route=\/wp\/v2\/pages\/647\/revisions\/1392"}],"wp:attachment":[{"href":"https:\/\/ecavlevoca.sk\/index.php?rest_route=%2Fwp%2Fv2%2Fmedia&parent=647"}],"curies":[{"name":"wp","href":"https:\/\/api.w.org\/{rel}","templated":true}]}}