{"id":659,"date":"2019-09-20T21:12:05","date_gmt":"2019-09-20T19:12:05","guid":{"rendered":"https:\/\/www.wp.3-d.cz\/?page_id=659"},"modified":"2023-11-11T18:47:12","modified_gmt":"2023-11-11T17:47:12","slug":"clenstvo-v-cirkevnom-zbore","status":"publish","type":"page","link":"https:\/\/ecavlevoca.sk\/?page_id=659","title":{"rendered":"\u010clenstvo v Cirkevnom Zbore"},"content":{"rendered":"\n<p><strong>\u010clenstvo v cirkevnom zbore<\/strong><br><\/p>\n\n\n\n<p>\u010clenstvo v cirkevnom zbore\nupravuj\u00fa cirkevno-pr\u00e1vne predpisy.<\/p>\n\n\n\n<ul><li> Krst die\u0165a\u0165a sa vykon\u00e1va v kr\u00e1tkom \u010dase po jeho naroden\u00ed. V od\u00f4vodnen\u00fdch\npr\u00edpadoch mo\u017eno die\u0165a pokrsti\u0165 aj v neskor\u0161om veku. Nepokrsten\u00fa osobu, ktor\u00e1\npo\u017eiada o prijatie do Evanjelickej cirkvi, treba pokrsti\u0165 i v dospelom veku.<\/li><\/ul>\n\n\n\n<p>Pokrsten\u00e9 die\u0165a sa st\u00e1va \u010dlenom cirkevn\u00e9ho zboru jeho rodi\u010dov\nalebo jedn\u00e9ho z nich. Dospel\u00e1 osoba prijat\u00e1 do Evanjelickej cirkvi sa st\u00e1va\n\u010dlenom cirkevn\u00e9ho zboru, v ktorom sa jej prijatie uskuto\u010dnilo.<\/p>\n\n\n\n<p>\u010clenstvo v Evanjelickej cirkvi zanik\u00e1 vyst\u00fapen\u00edm, vyl\u00fa\u010den\u00edm,\n\u00famrt\u00edm a vyhl\u00e1sen\u00edm za m\u0155tveho.<\/p>\n\n\n\n<ul><li>&nbsp;z\u00fa\u010dast\u0148ova\u0165 sa na\n\u010dinnosti cirkvi, predov\u0161etk\u00fdm cirkevn\u00e9ho zboru<\/li><li>z\u00fa\u010dast\u0148ova\u0165 sa na slu\u017eb\u00e1ch\nBo\u017e\u00edch a prij\u00edma\u0165 prostriedky milosti<\/li><li>\u017eiada\u0165 duchovn\u00fa a materi\u00e1lnu\npomoc v n\u00fadzi a vyu\u017e\u00edva\u0165 slu\u017eby cirkevnej charity<\/li><li>voli\u0165 a by\u0165 volen\u00fd do\ncirkevn\u00fdch org\u00e1nov (Pr\u00e1vo voli\u0165 a pr\u00e1vo hlasova\u0165 na zborovom konvente nadob\u00fada\n\u010dlen cirkvi po dov\u0155\u0161en\u00ed plnoletosti. Pr\u00e1vo by\u0165 volen\u00fd do cirkevn\u00fdch org\u00e1nov\nnadob\u00fada \u010dlen cirkvi, pokia\u013e cirkevn\u00e1 \u00fastava neustanovuje inak, dov\u0155\u0161en\u00edm 21\nrokov)<\/li><li>predklada\u0165 \u017eiadosti, n\u00e1vrhy a\npodnety cirkevn\u00fdm org\u00e1nom a cirkevn\u00fdm predstavite\u013eom<\/li><li>z\u00fa\u010dast\u0148ova\u0165 sa na zasadnutiach\nzborov\u00fdch konventov, vyjadrova\u0165 sa k veciam, ktor\u00e9 s\u00fa predmetom ich rokovan\u00ed a\nhlasova\u0165 o nich<\/li><li>dom\u00e1ha\u0165 sa ochrany svojich\npr\u00e1v pred cirkevn\u00fdmi org\u00e1nmi a cirkevn\u00fdmi s\u00fadmi<\/li><\/ul>\n\n\n\n<p>V\u0161etci \u010dlenovia Evanjelickej cirkvi bez rozdielu rasy, pohlavia,\njazyka, soci\u00e1lneho a spolo\u010densk\u00e9ho postavenia maj\u00fa rovnak\u00e9 pr\u00e1va.<\/p>\n\n\n\n<ul><li>z\u00fa\u010dast\u0148ova\u0165 sa na slu\u017eb\u00e1ch Bo\u017e\u00edch a prij\u00edman\u00ed sviatost\u00ed<\/li><li>\u017ei\u0165 pr\u00edkladn\u00fdm kres\u0165ansk\u00fdm \u017eivotom v rodine i v spolo\u010dnosti a vychov\u00e1va\u0165 svoje deti v evanjelickom duchu<\/li><li>roz\u0161irova\u0165 a prehlbova\u0165 svoje duchovn\u00e9 vedomosti, z\u00fa\u010dast\u0148ova\u0165 sa na n\u00e1bo\u017eenskej v\u00fdchove a konfirma\u010dnej pr\u00edprave<\/li><li>z\u00fa\u010dast\u0148ova\u0165 sa na \u010dinnosti cirkvi, najm\u00e4 v cirkevnom zbore a prispieva\u0165 na \u00fahradu n\u00e1kladov tejto \u010dinnosti<\/li><li>pod\u013ea svojich schopnost\u00ed a mo\u017enost\u00ed plni\u0165 \u00falohy a funkcie v cirkvi<\/li><li>dodr\u017eiava\u0165 ustanovenia cirkevnej \u00fastavy, cirkevn\u00e9 z\u00e1kony a nariadenia, plni\u0165 rozhodnutia cirkevn\u00fdch org\u00e1nov a cirkevn\u00fdch predstavite\u013eov a podrobi\u0165 sa rozhodnutiam cirkevn\u00fdch s\u00fadov<\/li><\/ul>\n","protected":false},"excerpt":{"rendered":"<p>\u010clenstvo v cirkevnom zbore \u010clenstvo v cirkevnom zbore upravuj\u00fa cirkevno-pr\u00e1vne predpisy. Krst die\u0165a\u0165a sa vykon\u00e1va v kr\u00e1tkom \u010dase po jeho naroden\u00ed. V od\u00f4vodnen\u00fdch pr\u00edpadoch mo\u017eno die\u0165a pokrsti\u0165 aj v neskor\u0161om &#8230;<\/p>\n","protected":false},"author":1,"featured_media":0,"parent":0,"menu_order":0,"comment_status":"closed","ping_status":"closed","template":"","meta":[],"_links":{"self":[{"href":"https:\/\/ecavlevoca.sk\/index.php?rest_route=\/wp\/v2\/pages\/659"}],"collection":[{"href":"https:\/\/ecavlevoca.sk\/index.php?rest_route=\/wp\/v2\/pages"}],"about":[{"href":"https:\/\/ecavlevoca.sk\/index.php?rest_route=\/wp\/v2\/types\/page"}],"author":[{"embeddable":true,"href":"https:\/\/ecavlevoca.sk\/index.php?rest_route=\/wp\/v2\/users\/1"}],"replies":[{"embeddable":true,"href":"https:\/\/ecavlevoca.sk\/index.php?rest_route=%2Fwp%2Fv2%2Fcomments&post=659"}],"version-history":[{"count":6,"href":"https:\/\/ecavlevoca.sk\/index.php?rest_route=\/wp\/v2\/pages\/659\/revisions"}],"predecessor-version":[{"id":2172,"href":"https:\/\/ecavlevoca.sk\/index.php?rest_route=\/wp\/v2\/pages\/659\/revisions\/2172"}],"wp:attachment":[{"href":"https:\/\/ecavlevoca.sk\/index.php?rest_route=%2Fwp%2Fv2%2Fmedia&parent=659"}],"curies":[{"name":"wp","href":"https:\/\/api.w.org\/{rel}","templated":true}]}}