{"id":661,"date":"2019-09-20T21:12:31","date_gmt":"2019-09-20T19:12:31","guid":{"rendered":"https:\/\/www.wp.3-d.cz\/?page_id=661"},"modified":"2025-01-09T16:36:45","modified_gmt":"2025-01-09T15:36:45","slug":"milodary-cirkevne-prispevky","status":"publish","type":"page","link":"https:\/\/ecavlevoca.sk\/?page_id=661","title":{"rendered":"Milodary, Cirkevn\u00e9 Pr\u00edspevky"},"content":{"rendered":"\n<p><strong>Milodary a cirkevn\u00e9 pr\u00edspevky<\/strong><\/p>\n\n\n\n<p>Zbor z\u00edskava prostriedky na svoju potrebu najm\u00e4 z cirkevn\u00fdch\npr\u00edspevkov, z milodarov, ofier, zbierok, sponzorsk\u00fdch darov a z hospod\u00e1rskej\n\u010dinnosti s cirkevn\u00fdm majetkom.<\/p>\n\n\n\n<p><em>Milodary<\/em> na aktivity a prev\u00e1dzku zboru je mo\u017en\u00e9 odovzda\u0165 osobne v pokladni cirkevn\u00e9ho zboru, v\u017edy v nede\u013eu pred\/po slu\u017eb\u00e1ch Bo\u017e\u00edch alebo po\u010das vyhraden\u00fdch pokladni\u010dn\u00fdch hod\u00edn. Je mo\u017en\u00e9 ich odovzda\u0165 taktie\u017e sestre far\u00e1rke pr\u00edpadne zasla\u0165 na \u00fa\u010det.<\/p>\n\n\n\n<p>\u010c\u00edslo bankov\u00e9ho \u00fa\u010dtu cirkevn\u00e9ho zboru:<br>\n<a>SK19 0900 0000 0001 0137 6883<\/a><br>\nDo pozn\u00e1mky uve\u010fte \u00fa\u010del daru a va\u0161e meno.<\/p>\n\n\n\n<p><em>Nech P\u00e1n Boh po\u017eehn\u00e1 ka\u017ed\u00e9ho&nbsp;darcu. \u010eakujeme.<\/em><\/p>\n\n\n\n<p><em>Cirkevn\u00fd pr\u00edspevok<\/em> je povinn\u00fd odv\u00e1dza\u0165 ka\u017ed\u00fd \u010dlen cirkevn\u00e9ho zboru vo v\u00fd\u0161ke <strong>10 \u20ac <\/strong>ur\u010denej zborov\u00fdm konventom. Cirkevn\u00fd pr\u00edspevok je potrebn\u00e9 uhradi\u0165 v hotovosti do pokladne, alebo zasla\u0165 prevodom na \u00fa\u010det cirkevn\u00e9ho zboru (uveden\u00fd vy\u0161\u0161ie).<\/p>\n\n\n\n<p> Ako variabiln\u00fd symbol uve\u010fte rok (napr. 2025)<br> \u0160pecifick\u00fd symbol: po\u010det os\u00f4b za\u00a0ko\u013ek\u00fdch plat\u00edte cirkevn\u00fd pr\u00edspevok (napr: 4)<br> Spr\u00e1va pre prij\u00edmate\u013ea: meno a priezvisko, pr\u00edp. ulicu<\/p>\n\n\n\n<p>Je potrebn\u00e9 uvies\u0165 v\u0161etky \u00fadaje aby bolo mo\u017en\u00e9 Va\u0161u\nplatbu&nbsp;spr\u00e1vne priradi\u0165.<\/p>\n\n\n\n<p><em>Ak chcete podpori\u0165 konkr\u00e9tnu slu\u017ebu v cirkevnom zbore<\/em>, uve\u010fte variabiln\u00fd symbol:<\/p>\n\n\n\n<ul><li>100 \u2013 v\u0161eobecn\u00e1 podpora cirkevn\u00e9ho zboru (cirkevn\u00e9 ciele)<\/li><li>200 \u2013 detsk\u00e1 besiedka, letn\u00fd t\u00e1bor, dorast<\/li><li>240 \u2013 rodinn\u00e9 spolo\u010denstv\u00e1<\/li><li>250 \u2013 spevokol, zvonkohra<\/li><li>290 \u2013 podpora podujat\u00ed v cirkevnom zbore<\/li><li>300 \u2013 vonkaj\u0161ia misia \u2026.<\/li><li>400 \u2013 oprava kostola<\/li><li>500 \u2013 in\u00e9 (uve\u010fte)<\/li><\/ul>\n","protected":false},"excerpt":{"rendered":"<p>Milodary a cirkevn\u00e9 pr\u00edspevky Zbor z\u00edskava prostriedky na svoju potrebu najm\u00e4 z cirkevn\u00fdch pr\u00edspevkov, z milodarov, ofier, zbierok, sponzorsk\u00fdch darov a z hospod\u00e1rskej \u010dinnosti s cirkevn\u00fdm majetkom. Milodary na aktivity &#8230;<\/p>\n","protected":false},"author":1,"featured_media":0,"parent":0,"menu_order":0,"comment_status":"closed","ping_status":"closed","template":"","meta":[],"_links":{"self":[{"href":"https:\/\/ecavlevoca.sk\/index.php?rest_route=\/wp\/v2\/pages\/661"}],"collection":[{"href":"https:\/\/ecavlevoca.sk\/index.php?rest_route=\/wp\/v2\/pages"}],"about":[{"href":"https:\/\/ecavlevoca.sk\/index.php?rest_route=\/wp\/v2\/types\/page"}],"author":[{"embeddable":true,"href":"https:\/\/ecavlevoca.sk\/index.php?rest_route=\/wp\/v2\/users\/1"}],"replies":[{"embeddable":true,"href":"https:\/\/ecavlevoca.sk\/index.php?rest_route=%2Fwp%2Fv2%2Fcomments&post=661"}],"version-history":[{"count":8,"href":"https:\/\/ecavlevoca.sk\/index.php?rest_route=\/wp\/v2\/pages\/661\/revisions"}],"predecessor-version":[{"id":2343,"href":"https:\/\/ecavlevoca.sk\/index.php?rest_route=\/wp\/v2\/pages\/661\/revisions\/2343"}],"wp:attachment":[{"href":"https:\/\/ecavlevoca.sk\/index.php?rest_route=%2Fwp%2Fv2%2Fmedia&parent=661"}],"curies":[{"name":"wp","href":"https:\/\/api.w.org\/{rel}","templated":true}]}}